?
55
Let l(d) = 226*d**2 + 707*d - 5. Let f be l(-5). What is the greatest common factor of f and 50?
10
Let k(a) = a**3 - 11*a**2 + 13*a + 129. Let d be k(28). Calculate the highest common factor of d and 51.
51
Let y(l) = -l**3 - 17*l**2 - 22*l + 12. Suppose -16 = 49*r - 48*r. Let q be y(r). Calculate the greatest common factor of q and 162.
54
Let o be -20*1*300/(-60). What is the greatest common factor of o and 1175?
25
Suppose 32*j - 925 = -61. Calculate the greatest common factor of 123 and j.
3
Suppose 6*n - 70*n = 31*n - 190. What is the greatest common divisor of 538 and n?
2
Suppose -2*l - 260 = -252, -5*w + 2*l = -463. Calculate the highest common factor of 17381 and w.
91
Let t be (42/18)/(2/684 - (-1 - -1)). Calculate the greatest common factor of 285 and t.
57
Suppose -4*f = y + 99, 4*f - y + 101 = -0*f. Let v be f*(-3)/(30/8). What is the greatest common factor of v and 68?
4
Let c = -154843 + 155043. Suppose -196 = 5*n + 3*m, -2*n + 3*m - 73 = -3. Let d = -13 - n. What is the greatest common divisor of c and d?
25
Let o = 153 - 118. Suppose 3*z - 105 = -4*n + 2*n, 5*n - o = -z. Let j be ((-2943)/(-4))/3 - (-2)/(-8). Calculate the greatest common factor of j and z.
35
Suppose 0 = 2*c + 5*u - 415, 4*c - 131 = 2*u + 783. What is the greatest common divisor of 175 and c?
25
Let c = 5332 + -5180. Let y = 56 + 77. What is the greatest common divisor of y and c?
19
Let p(h) = 272*h**3 + 3*h**2 - 6*h + 7. Let f be p(1). Calculate the highest common factor of f and 144.
12
Suppose 0 = 2*t - v + 4*v - 2490, -4*v - 1234 = -t. Suppose 234 - t = -8*h. What is the greatest common divisor of h and 42?
42
Suppose 0 = j - 5*j + 336. Suppose -u + g = -217, 4*u + 1316*g - 1313*g - 917 = 0. What is the highest common factor of j and u?
28
Let p(z) = z**3 + 33*z**2 - 273*z - 405. Let g be p(-39). Calculate the highest common factor of 60 and g.
12
Suppose -14 = -4*v + 94. Let f(t) = 23*t + 1. Let l be f(7). What is the highest common factor of v and l?
27
Let r be -8 - (-14 - 2) - -10*(-3)/(-3). Let g be 3/(-2)*1*-32. Calculate the greatest common divisor of g and r.
6
Suppose 21*q - 5*t - 1376 = 17*q, 5*t - 1416 = -4*q. Suppose -1115 - q = -6*u. Calculate the greatest common factor of u and 4.
4
Let i(g) = g**3 - 11*g**2 + 22*g - 238. Let q be i(11). What is the highest common divisor of 4036 and q?
4
Suppose 0 = -336*l + 125252 - 28484. Suppose -465 = -5*f + 3*d, -5*d + 38 + 117 = 2*f. What is the highest common factor of l and f?
18
Suppose 813*l - 1325 = 788*l. Calculate the highest common factor of 371 and l.
53
Let j = -350 - -352. Suppose 0 = a + n - 153, -2*a - j*n + 156 = -a. Calculate the greatest common divisor of 30 and a.
30
Let y be (-15 - -15) + 2 + 43. Calculate the greatest common factor of y and 6.
3
Let q be -40*((-144)/10 - -12). Calculate the highest common divisor of 15 and q.
3
Let h be 173 + ((-544)/102*(-6)/(-8) - -5). Calculate the highest common divisor of 2668 and h.
58
Suppose 5*m - 3*v - 822 = 0, 0 = -2*m + 8*v - 9*v + 320. Calculate the highest common factor of 2349 and m.
81
Suppose -3*w = -5*i + 675, -4*w + 5*i - 936 + 36 = 0. Let s = 273 + w. What is the greatest common divisor of s and 12?
12
Let h(b) = 2*b**3 - 1. Let y be h(1). Suppose m + q - 25 = 0, 5*m + 2*q = 7*m - 58. Suppose -3*j - m = -12*j. What is the greatest common factor of j and y?
1
Let d = 257 + -251. Let i be d/8 + (-9972)/(-144). What is the greatest common divisor of 84 and i?
14
Let n = 117 + -70. Let t = n - 94. Let z = t - -188. Calculate the highest common divisor of z and 94.
47
Let g = -1789 + 2013. What is the greatest common factor of g and 21?
7
Suppose -736*m + 2624 = -695*m. What is the greatest common factor of 1552 and m?
16
Suppose -105 = 8*z + 263. Let t = z - -2. Let v = -18 - t. What is the highest common divisor of v and 104?
26
Let v = -108 + 108. Let w be (-21 - v)*(-270)/81. What is the greatest common divisor of 42 and w?
14
Let z be -3 + 2 + (-3 - -284). Let q be (-283)/(-4) + (18/(-20))/((-408)/(-340)). What is the greatest common factor of z and q?
70
Suppose -138*m + 141*m - 105 = 0. What is the highest common factor of 98 and m?
7
Suppose -6*q - 4134 - 3291 = -21*q. Calculate the highest common divisor of 297 and q.
99
Let i(m) = 2*m**3 + 20*m**2 - 60*m - 25. Let v be i(-12). Calculate the greatest common divisor of 21 and v.
7
Suppose 4472*t = 4477*t - 3740. Calculate the highest common divisor of t and 119.
17
Suppose -s + 328 = 5*n, -32*s + 28*s - 326 = -6*n. Let z be (-5668)/(-5) - 2/(-5). Calculate the greatest common divisor of z and n.
63
Let u(l) = l + 1. Let a = -47 + 68. Let k be u(a). What is the greatest common factor of 154 and k?
22
Let b(v) = v**3 - 5*v**2 + 27*v - 80. Let p be b(4). What is the highest common divisor of p and 980?
4
Let k(c) = -82*c - 692. Let r be k(-10). What is the highest common factor of r and 32?
32
Let o = 8946 + -8866. Calculate the greatest common divisor of 3800 and o.
40
Let d(x) = 5*x + 426. Let v be d(-33). Suppose 15 = -5*y + 60. What is the greatest common factor of v and y?
9
Suppose -3*h = 2*h - 1080. Let a be 8/356 - 398400/(-22161). What is the greatest common divisor of h and a?
18
Let j = -185 + 190. Suppose -j*g - 3*h = -455, 0 = 6*g - 4*g + 3*h - 191. Calculate the highest common divisor of 11 and g.
11
Suppose -4*s - 17*s - 315 = 0. Let g be ((-1)/3)/(1/(-69)). Let m = s + g. Calculate the greatest common factor of 8 and m.
8
Suppose 29*j - 82 = -5*i + 31*j, 4*i - 68 = 4*j. Calculate the highest common factor of i and 31568.
16
Suppose -142*b + 133*b - 855 = 0. Let p be (-2 + (2 - -12))*b/(-20). What is the greatest common divisor of p and 38?
19
Let h = -3869 + 3914. What is the greatest common divisor of 927 and h?
9
Let k be 1 - (-11544)/15 - (-18)/(-30). Calculate the greatest common factor of k and 70.
70
Suppose -p - 3*a + 196 = 185, 39 = 5*p - a. What is the highest common divisor of p and 1374?
2
Suppose 7*w + 560 = -w + 15*w. What is the greatest common divisor of 660 and w?
20
Let y = 52 + 55. Let b be y/15 - (-2)/(-15). Let g(n) = n**3 + 9*n**2 - n + 7. Let z be g(-5). Calculate the greatest common divisor of z and b.
7
Suppose 254*b - 5497 = 56733. What is the greatest common factor of b and 1435?
35
Let j(w) = -3*w**3 - 71*w**2 - 3*w - 243. Let x be j(-31). Calculate the highest common factor of 32 and x.
32
Let l = 6052 + -5695. What is the highest common divisor of 609 and l?
21
Let s = 526 - 522. Let r be s/7 - (3884/(-14) + -1). What is the highest common divisor of r and 9?
9
Let t(m) = 2*m**2 + 268*m + 1418. Let r be t(-5). Suppose -o + 85 = -6*o. Let p = -1 - o. What is the highest common factor of p and r?
16
Suppose -9*w + 80 = 52 - 62. What is the highest common divisor of 3480 and w?
10
Suppose -5*q - 940*g = -936*g - 591, 2*g + 567 = 5*q. What is the highest common divisor of q and 265?
5
Suppose -121*b - 6344 = -6759 - 26447. Calculate the highest common divisor of 1258 and b.
74
Let z(g) = -g + 7. Let s(t) = -29*t**3 - t**2 - t + 1. Let i be s(1). Let b be i/9*24/10. Let o be z(b). Calculate the greatest common divisor of o and 3.
3
Let h = -3404 + 5108. Suppose -135*f = -137*f + h. What is the highest common divisor of f and 24?
12
Let a = 467 + -500. Let s be a*(-15)/9 + -3 - -2. Let n(t) = -4*t + 2. Let v be n(-4). Calculate the highest common factor of v and s.
18
Let a be 57/2*(-8)/(-3). Let t be (-11 - -6) + 13 - 1. Suppose a = t*i - 3*i. What is the highest common factor of i and 19?
19
Suppose 5*l = 4*l - 5*n + 640, 2*l - 2*n - 1220 = 0. Let f = l - 359. What is the highest common factor of f and 64?
64
Let j = -78 - -65. Let n be (j/(-26) - (-15)/2)*3. What is the greatest common divisor of 60 and n?
12
Suppose 2*y = -2*y - 772. Let s = y + 347. Suppose 0 = -2*j - 4*r + 40, -6*j + r - 31 = -8*j. What is the greatest common divisor of j and s?
14
Let u be 1/4 + (-2)/8*-3. Let f be (u/4 - (-63)/(-28)) + 15. Let o = f - -9. Calculate the highest common divisor of o and 11.
11
Let l(x) = -4*x + 6. Let y be l(-5). Let c(h) = 1024*h + 14338. Let s be c(-14). What is the greatest common factor of y and s?
2
Let f = 17 + -6. Suppose -f*w = -w - 120. Calculate the greatest common divisor of w and 42.
6
Let n be (376/(-6))/(2/(-72)